 of 5018589661?
5
What is the hundred millions digit of 336440865?
3
What is the millions digit of 40633189?
0
What is the units digit of 24251462?
2
What is the hundred millions digit of 1369019951?
3
What is the hundreds digit of 903183743?
7
What is the hundred thousands digit of 372643267?
6
What is the hundreds digit of 60593643?
6
What is the ten millions digit of 1565088559?
6
What is the ten thousands digit of 293624581?
2
What is the hundreds digit of 224949881?
8
What is the thousands digit of 600091085?
1
What is the ten millions digit of 74088090?
7
What is the ten millions digit of 261331544?
6
What is the ten thousands digit of 354030488?
3
What is the ten thousands digit of 29541822?
4
What is the billions digit of 3445095899?
3
What is the hundred millions digit of 943667130?
9
What is the ten millions digit of 5425596021?
2
What is the millions digit of 1015486981?
5
What is the ten millions digit of 51017200?
5
What is the tens digit of 786767322?
2
What is the tens digit of 69702429?
2
What is the millions digit of 93824417?
3
What is the hundred millions digit of 1176974231?
1
What is the millions digit of 4656452029?
6
What is the ten millions digit of 1351575767?
5
What is the hundreds digit of 24728832?
8
What is the tens digit of 5647159?
5
What is the thousands digit of 37225997?
5
What is the hundreds digit of 1501491432?
4
What is the ten millions digit of 23521912?
2
What is the hundred thousands digit of 91266685?
2
What is the thousands digit of 233107370?
7
What is the tens digit of 119317320?
2
What is the millions digit of 270823430?
0
What is the ten thousands digit of 11245300?
4
What is the hundreds digit of 1556304743?
7
What is the units digit of 39915705?
5
What is the ten thousands digit of 4042138002?
3
What is the units digit of 134085857?
7
What is the hundred thousands digit of 939958725?
9
What is the millions digit of 342956558?
2
What is the ten millions digit of 930433200?
3
What is the millions digit of 11024480?
1
What is the ten millions digit of 21110327?
2
What is the hundred thousands digit of 529752632?
7
What is the hundreds digit of 63854698?
6
What is the units digit of 109237784?
4
What is the millions digit of 104555554?
4
What is the millions digit of 1345846509?
5
What is the hundred millions digit of 3762739321?
7
What is the ten millions digit of 110579739?
1
What is the ten millions digit of 1725678206?
2
What is the hundreds digit of 293707792?
7
What is the ten millions digit of 994586646?
9
What is the millions digit of 8557634?
8
What is the units digit of 14500332?
2
What is the hundred millions digit of 257195512?
2
What is the hundreds digit of 141988368?
3
What is the millions digit of 375319663?
5
What is the ten thousands digit of 152529827?
2
What is the hundred thousands digit of 60361376?
3
What is the hundred millions digit of 318434116?
3
What is the units digit of 77785244?
4
What is the thousands digit of 116910928?
0
What is the hundred millions digit of 179632770?
1
What is the millions digit of 21479110?
1
What is the units digit of 48698390?
0
What is the tens digit of 517263197?
9
What is the tens digit of 86090989?
8
What is the millions digit of 422420665?
2
What is the hundred thousands digit of 56796873?
7
What is the millions digit of 241851525?
1
What is the hundreds digit of 24697869?
8
What is the tens digit of 305433599?
9
What is the millions digit of 1227686981?
7
What is the tens digit of 32737630?
3
What is the ten millions digit of 4084156312?
8
What is the millions digit of 2916746565?
6
What is the thousands digit of 237676844?
6
What is the hundreds digit of 92548921?
9
What is the hundred millions digit of 236005411?
2
What is the hundred thousands digit of 34165749?
1
What is the millions digit of 32064778?
2
What is the hundred thousands digit of 1505327926?
3
What is the millions digit of 16793734?
6
What is the hundred millions digit of 383088183?
3
What is the millions digit of 64662280?
4
What is the tens digit of 12692347?
4
What is the hundred millions digit of 141552929?
1
What is the hundred thousands digit of 315944065?
9
What is the tens digit of 940982516?
1
What is the hundreds digit of 428302533?
5
What is the millions digit of 141125238?
1
What is the ten millions digit of 20127518?
2
What is the hundred thousands digit of 139813833?
8
What is the millions digit of 30632443?
0
What is the ten thousands digit of 48532101?
3
What is the tens digit of 2782283224?
2
What is the ten thousands digit of 2799745044?
4
What is the hundred thousands digit of 452224678?
2
What is the thousands digit of 216128809?
8
What is the hundreds digit of 2835974641?
6
What is the thousands digit of 874195877?
5
What is the hundred thousands digit of 235368840?
3
What is the millions digit of 505998612?
5
What is the thousands digit of 567986587?
6
What is the millions digit of 80312771?
0
What is the ten millions digit of 621940452?
2
What is the thousands digit of 13338219?
8
What is the thousands digit of 546132352?
2
What is the hundred thousands digit of 4374051026?
0
What is the millions digit of 156317531?
6
What is the units digit of 165434874?
4
What is the millions digit of 648917258?
8
What is the millions digit of 245126201?
5
What is the hundred thousands digit of 24594308?
5
What is the ten thousands digit of 10324526?
2
What is the units digit of 61637837?
7
What is the hundreds digit of 1004002981?
9
What is the thousands digit of 5157791002?
1
What is the tens digit of 404516522?
2
What is the ten millions digit of 129030454?
2
What is the hundreds digit of 2837527439?
4
What is the hundred millions digit of 122791471?
1
What is the hundreds digit of 1996165942?
9
What is the units digit of 10370070?
0
What is the tens digit of 243223145?
4
What is the hundred millions digit of 447046634?
4
What is the hundreds digit of 1095549412?
4
What is the units digit of 2198399?
9
What is the hundred millions digit of 105612146?
1
What is the billions digit of 1566665831?
1
What is the hundred millions digit of 4758294478?
7
What is the hundred thousands digit of 450734292?
7
What is the ten millions digit of 3799958510?
9
What is the units digit of 2976038903?
3
What is the thousands digit of 2033491309?
1
What is the millions digit of 1507135368?
7
What is the units digit of 145453135?
5
What is the thousands digit of 309280266?
0
What is the ten millions digit of 132917053?
3
What is the hundred thousands digit of 955759?
9
What is the millions digit of 157552718?
7
What is the tens digit of 681929700?
0
What is the thousands digit of 271029681?
9
What is the ten millions digit of 571709125?
7
What is the tens digit of 1266192838?
3
What is the tens digit of 819163519?
1
What is the hundreds digit of 59744703?
7
What is the ten millions digit of 1595054992?
9
What is the millions digit of 240087304?
0
What is the millions digit of 369291927?
9
What is the hundred thousands digit of 10277551?
2
What is the tens digit of 2486286683?
8
What is the millions digit of 447110571?
7
What is the ten millions digit of 219028721?
1
What is the millions digit of 311100185?
1
What is the thousands digit of 132804219?
4
What is the ten thousands digit of 1212147628?
4
What is the hundreds digit of 30699182?
1
What is the hundreds digit of 161114984?
9
What is the hundred thousands digit of 18677828?
6
What is the tens digit of 1590056?
5
What is the billions digit of 3120119262?
3
What is the units digit of 392709495?
5
What is the thousands digit of 3437886638?
6
What is the hundreds digit of 1245459709?
7
What is the millions digit of 31751190?
1
What is the hundreds digit of 23178134?
1
What is the units digit of 1175003600?
0
What is the thousands digit of 4400753088?
3
What is the ten millions digit of 231859203?
3
What is the hundred thousands digit of 2380470854?
4
What is the hundreds digit of 301237401?
4
What is the millions digit of 871754757?
1
What is the hundred thousands digit of 208152743?
1
What is the hundred thousands digit of 111657797?
6
What is the thousands digit of 1036835089?
5
What is the hundreds digit of 890905950?
9
What is the millions digit of 5387815985?
7
What is the thousands digit of 319486154?
6
What is the hu